pose -x*g + 0*g = -585. What is the highest common divisor of b and g?
13
Let r = 247 - 257. Let x(b) = -15*b - 112. Let u be x(r). What is the highest common divisor of 228 and u?
38
Suppose -6*a + 3*a + 348 = 5*p, 3*p - 354 = -3*a. Calculate the highest common divisor of a and 1738.
11
Let a be ((-6)/(-4))/((-9)/(-372)). Suppose -19 = -27*s + a. What is the highest common factor of s and 16?
1
Suppose 5*r + 100*c - 99*c = 100, -3*r + 43 = 4*c. Let m(j) = 105*j**2 - j + 1. Let h be m(1). Calculate the highest common factor of r and h.
21
Let x = -7717 - -8149. Calculate the greatest common factor of x and 16.
16
Let m = 21232 + -21181. Calculate the greatest common factor of m and 14603.
17
Let d(y) = -151*y + 117. Let j be d(-53). What is the greatest common divisor of j and 35?
35
Let j = 707780 - 707766. Let v(i) = i**3 - 2*i**2 - 4*i + 4. Let m be v(3). Let n be (-447)/(-4) - m/(-4). What is the highest common divisor of n and j?
14
Let l = 737 + -759. Let r(o) = -o**3 - 23*o**2 - 24*o - 32. Let k be r(l). What is the greatest common divisor of 24 and k?
12
Let o = -313 + 543. Let i = -123 + 261. Calculate the highest common divisor of i and o.
46
Let j(r) be the first derivative of -5/2*r**2 + 18 - 23*r. Let h be j(-5). Calculate the greatest common factor of 32 and h.
2
Let b be 6 - (-1)/(1/11). Let t be (25 - 23)/((-4)/(-34)). What is the highest common divisor of b and t?
17
Let d be (-1600)/24*3/(-2). Let a be (-225)/d*76/(-3). What is the highest common divisor of a and 19?
19
Let u(g) = 19 + 8 - 2*g**3 + 17*g**2 + 3*g**3 - 10. Let z be u(-17). What is the highest common factor of 51 and z?
17
Let l be (5*2)/(3 - 2). Suppose -20*c - 2499 - 12561 = 0. Let w = 943 + c. Calculate the greatest common divisor of l and w.
10
Let s be 80/16*(-1 + (-8)/(-5)). Let w be 0 - (s - 197 - 4). What is the highest common factor of 36 and w?
18
Let q be (-18)/(-63) + (-1748)/(-7). Suppose 255 = 3*l - 45. Calculate the highest common divisor of l and q.
50
Let w = -126 + 125. Let k be (-10 + w)*7 - 3. Let i = -23 - k. What is the highest common factor of 38 and i?
19
Let q be (2162/(-8) + (-45)/60)*-1. Suppose 0 = -3*x - 5*a + 108 + 109, -4*x = 3*a - q. What is the highest common divisor of x and 64?
64
Let i(q) = -17*q - 109. Let j(d) = -8*d - 54. Let v(p) = 3*i(p) - 7*j(p). Let u be v(9). Calculate the highest common divisor of u and 6.
6
Suppose 11*r + 116 = 1700. Suppose -q + 30 = 5*q. Suppose h - 4*g - 29 = 0, q*h + g + 3*g - 25 = 0. What is the highest common factor of h and r?
9
Let u = 468 - 320. Let p = 668 + u. What is the greatest common factor of 8 and p?
8
Suppose 342 = -5*m + 6*m. Let g = -218545 + 218635. What is the greatest common divisor of m and g?
18
Let l(h) = -36*h + 96. Let d(r) = 7*r - 19. Let n(f) = 16*d(f) + 3*l(f). Let m be n(17). Calculate the greatest common divisor of m and 416.
52
Suppose 0 = -2*j - 4*j + 48. Let a be 270/j + 16/64. Let o = 808 - 434. What is the greatest common divisor of o and a?
34
Let x(k) be the third derivative of -k**6/120 + 2*k**5/15 + k**4/24 + 7*k**3/2 - 73*k**2. Let l be x(8). Calculate the greatest common factor of 116 and l.
29
Let j(h) = 216*h**2 + 73*h + 9. Let n be j(9). What is the greatest common factor of 18 and n?
18
Let j = 10833 - 10222. What is the greatest common factor of 169 and j?
13
Suppose -68 - 12 = -4*i. Suppose -i*r = -31*r + 286. Calculate the highest common factor of 78 and r.
26
Suppose -n - 2*k + 7 = -6*n, 0 = 5*n + 5*k. Let z be -477 + -4 - 1/((-7)/(-14)). Let q be n*2/13 + z/(-13). What is the greatest common divisor of 333 and q?
37
Suppose h - 469 - 92 = -4*m, 0 = 2*m - 2*h - 268. Suppose -5*l + 966 = -m. What is the highest common factor of l and 39?
13
Let z be 58/(-4)*(0 + -2). Let v(l) = -112*l**2 + 1143*l + 2. Let t be v(10). Calculate the highest common factor of z and t.
29
Let i = -52 - -52. Suppose -2*a + 2*m + 586 = 0, -a + i*a + 293 = -5*m. Let f = -183 + a. What is the highest common divisor of 10 and f?
10
Suppose 2653 = 5*m - 3*p, 1632 = 3*m + 3*p + 21. What is the greatest common divisor of 1312 and m?
41
Suppose 0 = 2*o - 7*o + 225. Let g = -1124 + 1129. What is the highest common factor of o and g?
5
Suppose -3*w = w + 200. Let b = w - -54. Suppose -i + b*i = 48. What is the greatest common divisor of 24 and i?
8
Suppose 0 = 3*a - 2*p - 19, -4*a = 5*p - 8*p - 26. Suppose -2*s = 4*w - 826 + 122, -w = a*s - 176. What is the greatest common divisor of w and 22?
22
Let y = -54860 + 55049. Suppose 4*f - 2 - 6 = 0. Suppose f*o + o - 81 = 0. Calculate the greatest common divisor of o and y.
27
Suppose -3*s + 1100 = 19*s. What is the highest common divisor of s and 5530?
10
Let n be 4*1 - 507*13/(-39). Suppose n = -11*x + 1097. Calculate the highest common factor of x and 63.
21
Suppose -3*t = 5*o + 60, 33 = 5*o - 7*o - 3*t. Let l be 27/o*(-2)/3. What is the greatest common divisor of l and 6?
2
Let h be 52*20/(-6)*(-60)/160. Let z = -87 + 126. What is the greatest common factor of h and z?
13
Suppose 7*q + 502 = -3*n + 2*q, 3*n + 4*q = -500. Let y = 196 + n. What is the highest common divisor of y and 224?
32
Suppose 674 - 9 = 7*w. Suppose 2*n + 20 = 4. Let r = 13 + n. Calculate the highest common divisor of r and w.
5
Suppose -113*h + 4881 + 14135 = 484. What is the greatest common factor of 8282 and h?
82
Suppose 3*z + 8*i - 25 = 3*i, -i + 5 = 0. Suppose z*l + l = 133. Let s be 4/(32/(-8)) + 20. What is the greatest common factor of s and l?
19
Suppose 6*d + 4*d = 120. Let k(n) = 10 - 5*n**3 + 2*n**3 - n - d - 4*n**3. Let o be k(-1). What is the greatest common divisor of 24 and o?
6
Suppose -530*y - 99*y + 1140457 + 660999 = 0. Calculate the highest common factor of 2 and y.
2
Suppose 33576 = 5*j + 4*s, 62*s - 6714 = -j + 60*s. Calculate the highest common factor of 230 and j.
46
Let i be (-11568)/(-32) - 20/(-8). Let p = i - 352. Calculate the highest common factor of p and 48.
12
Suppose -33 = -11*c + 11. Let k be (26/(-4))/((-6)/12). Suppose k = c*h - 3. What is the highest common factor of 8 and h?
4
Suppose -t + 76 = o, 5*o = 2*t - 126 + 520. Let a = 260 - 117. Let c = -137 + a. Calculate the greatest common divisor of c and o.
6
Let w = 433 - 81. Let l(d) = d**3 - 5*d**2 - 13*d + 25. Let t be l(7). Calculate the highest common divisor of t and w.
32
Let z(a) = -712*a - 49. Let v be z(-2). What is the greatest common divisor of v and 33?
11
Let u = 176 - 814. Let l = -268 - u. Calculate the highest common factor of 20 and l.
10
Suppose 2015 = 5*d + 5*w, -d + 415 = 8*w - 10*w. Suppose 0 = 4*r + d - 607. Calculate the highest common divisor of 550 and r.
50
Suppose 111 = -3*u + 117. Let n = 243 + -111. Suppose 4*t - n = -u*t. Calculate the highest common factor of t and 198.
22
Let t(h) = -h**3 - 13*h**2 - 131*h - 1973. Let n be t(-14). What is the greatest common divisor of n and 177?
3
Let r(p) = 2*p**3 - 2*p**2 - 366*p + 3651. Let u be r(10). What is the greatest common divisor of u and 995?
199
Suppose -458318 - 314897 = -73*q - 207173. What is the greatest common divisor of 2 and q?
2
Suppose -5*f = 5*q + 5, 10 = -4*f - 6. Suppose 0 = -5*d + 84 - 69, 2*z + d - 105 = 0. What is the highest common factor of z and q?
3
Suppose 2*g = -3*u + 7, -4*g + 16 = 5*u - u. Suppose 5*s - 85 = 5*f, 3*s - g*f = -15 + 70. What is the greatest common factor of s and 45?
15
Suppose 0 = 7*w - 62 + 27. Suppose 5*u - w*r = 475, 30*r - 28*r = -u + 104. Calculate the greatest common divisor of 112 and u.
14
Let j = 76 + 15. Suppose -775 = j*h - 96*h. What is the greatest common factor of h and 93?
31
Let z be (8 - -1 - -9) + 254. Calculate the highest common factor of z and 288.
16
Suppose 25*y - 354*y + 1110375 = 0. What is the highest common factor of y and 2000?
125
Let o(m) = 47*m**3 - 3*m**2 + 7*m + 2. Let c be o(2). Calculate the highest common divisor of c and 4655.
95
Let d be (-2)/4*(-5 - 1)*1. Let u be 95/4 - (-7)/84*d. Let j(c) = c + 2. Let y be j(6). Calculate the highest common divisor of y and u.
8
Suppose -o + 2*w = -11 - 44, -w + 157 = 4*o. What is the highest common divisor of 6437 and o?
41
Suppose 4*w - 2*w = 2*f - 5846, -2*f + 5*w + 5840 = 0. Suppose f = -7*h + 20*h. Calculate the greatest common factor of h and 9.
9
Let k = 1588 + -946. What